{"id":82,"date":"2021-03-21T13:35:40","date_gmt":"2021-03-21T12:35:40","guid":{"rendered":"https:\/\/clos-salibert.fr\/?page_id=82"},"modified":"2021-04-26T00:20:32","modified_gmt":"2021-04-25T22:20:32","slug":"descriptif","status":"publish","type":"page","link":"https:\/\/clos-salibert.fr\/index.php\/descriptif\/","title":{"rendered":"Pr\u00e9sentation g\u00e9n\u00e9rale de la r\u00e9sidence"},"content":{"rendered":"<p><section class=\"kc-elm kc-css-56295 kc_row\"><div class=\"kc-row-container  kc-container\"><div class=\"kc-wrap-columns\"><div class=\"kc-elm kc-css-439256 kc_col-sm-12 kc_column kc_col-sm-12\"><div class=\"kc-col-container\"><div class=\"kc-elm kc-css-85709 kc_text_block\"><\/p>\n<h1 style=\"text-align: center;\"><strong>Pr\u00e9sentation g\u00e9n\u00e9rale de la r\u00e9sidence<\/strong><\/h1>\n<p>\n<\/div><\/div><\/div><\/div><\/div><\/section><section class=\"kc-elm kc-css-162728 kc_row\"><div class=\"kc-row-container  kc-container\"><div class=\"kc-wrap-columns\"><div class=\"kc-elm kc-css-472074 kc_col-sm-12 kc_column kc_col-sm-12\"><div class=\"kc-col-container\"><div class=\"kc-elm kc-css-777342 kc_text_block\"><\/p>\n<p>\n> <a href=\"https:\/\/clos-salibert.fr\/index.php\/presentation\/\">Pr\u00e9sentation<\/a> > <strong>Pr\u00e9sentation g\u00e9n\u00e9rale de la r\u00e9sidence<\/strong><\/p>\n<p>\n<\/div><\/div><\/div><\/div><\/div><\/section><section class=\"kc-elm kc-css-162962 kc_row\"><div class=\"kc-row-container  kc-container\"><div class=\"kc-wrap-columns\"><div class=\"kc-elm kc-css-184198 kc_col-sm-12 kc_column kc_col-sm-12\"><div class=\"kc-col-container\"><div class=\"kc-elm kc-css-472460 kc_shortcode kc_single_image\">\n\n        <a rel=\"prettyPhoto\" class=\"kc-pretty-photo\" href=\"https:\/\/clos-salibert.fr\/wp-content\/uploads\/2021\/03\/1971-06-20-clos-salibert.jpeg\" title=\"\" target=\"\">\n        <img decoding=\"async\" data-src=\"https:\/\/clos-salibert.fr\/wp-content\/uploads\/2021\/03\/1971-06-20-clos-salibert.jpeg\" alt=\"\" src=\"data:image\/svg+xml;base64,PHN2ZyB3aWR0aD0iMSIgaGVpZ2h0PSIxIiB4bWxucz0iaHR0cDovL3d3dy53My5vcmcvMjAwMC9zdmciPjwvc3ZnPg==\" class=\"lazyload\" style=\"--smush-placeholder-width: 1700px; --smush-placeholder-aspect-ratio: 1700\/2208;\" \/>    <\/a>\n    <\/div>\n<\/div><\/div><\/div><\/div><\/section><section class=\"kc-elm kc-css-785434 kc_row\"><div class=\"kc-row-container  kc-container\"><div class=\"kc-wrap-columns\"><div class=\"kc-elm kc-css-458447 kc_col-sm-12 kc_column kc_col-sm-12\"><div class=\"kc-col-container\"><div class=\"kc-elm kc-css-190012 kc_text_block\"><\/p>\n<p>\nEn lisi\u00e8re de for\u00eat de Marly et situ\u00e9 \u00e0 l&#039;entr\u00e9e de Saint Nom la Bret\u00e8che en venant de la plaine de Versailles, \u00ab le CLOS SALIBERT \u00bb est une r\u00e9sidence qui fut construite en 1973 sur un terrain d&#039;une surface totale de plus de 7 hectares.<\/p>\n<p>Il entre naturellement dans la logique d&#039;urbanisation d\u00e9velopp\u00e9e \u00e0 Saint Nom La Bret\u00e8che \u00e0 partir de 1960 sous la forme de petits lotissements de quelques maisons \u00ab clos \u00bb de haies vives.<\/p>\n<p>Son nom figure dans les registres d\u00e8s le d\u00e9but du XIV\u00e8me si\u00e8cle. Sur des papiers de 1786, il est nomm\u00e9 \u00ab CLOS Saint Libert \u00bb !<\/p>\n<p>Le CLOS SALIBERT est compos\u00e9 de 49 villas \u00e0 un \u00e9tage et de neufs immeubles de deux niveaux en duplex compos\u00e9s chacun de six appartements.<\/p>\n<p>Toutes les villas et appartements en rez-de-jardin sont agr\u00e9ment\u00e9s d&#039;un jardin privatif arbor\u00e9, d\u00e9limit\u00e9 par une haie de tilleuls ou d&#039;ifs.<\/p>\n<p>Les larges baies vitr\u00e9es des habitations laissent p\u00e9n\u00e9trer la lumi\u00e8re, et permettent d&#039;appr\u00e9cier le panorama des espaces arbor\u00e9s et fleuris.<\/p>\n<p>A chaque saison, les paysagistes nous offrent un festival de couleurs. De nombreuses essences de v\u00e9g\u00e9taux et d&#039;arbres fruitiers ornent les espaces verts communs ; les oiseaux de la for\u00eat y ont \u00e9lu domicile : pies, chouettes etc. et apportent la s\u00e9r\u00e9nit\u00e9 appr\u00e9ci\u00e9e par tous les r\u00e9sidents.<\/p>\n<p>Vivre au CLOS SALIBERT, c&#039;est aussi le plaisir de s&#039;y promener et de se d\u00e9tendre sur son aire de jeux gazonn\u00e9e et \u00e9quip\u00e9e de balan\u00e7oires, cabane, toboggan et permet la pratique des jeux de ballons et de badminton pour le plaisir des petits et des grands. Des bancs permettent le repos et la lecture.<\/p>\n<p>La r\u00e9sidence est \u00e9quip\u00e9e de deux r\u00e9seaux de t\u00e9l\u00e9distribution avec acc\u00e8s \u00e0 Internet., l&#039;un c\u00e2bl\u00e9 appartenant \u00e0 Num\u00e9ric\u00e2ble-SFR et l&#039;autre en Fibre Optique appartenant \u00e0 l&#039;op\u00e9rateur Orange.<\/p>\n<p>Quant \u00e0 la s\u00e9curit\u00e9, la r\u00e9sidence est dot\u00e9e de quatre cam\u00e9ras qui permettent de surveiller, filmer et d&#039;enregistrer les passages \u00e0 l&#039;entr\u00e9e, le parking et l&#039;all\u00e9e principale.<br \/>La surveillance et l&#039;entretien g\u00e9n\u00e9ral sont assur\u00e9s par un gardien. La gendarmerie locale et la police municipale ont l&#039;autorisation d&#039;intervenir dans la r\u00e9sidence y faire des rondes et des contr\u00f4les.<\/p>\n<p>\n<\/div><\/div><\/div><\/div><\/div><\/section><\/p>\n","protected":false},"excerpt":{"rendered":"","protected":false},"author":1,"featured_media":0,"parent":0,"menu_order":0,"comment_status":"closed","ping_status":"closed","template":"","meta":{"site-sidebar-layout":"no-sidebar","site-content-layout":"default","ast-site-content-layout":"default","site-content-style":"default","site-sidebar-style":"default","ast-global-header-display":"","ast-banner-title-visibility":"","ast-main-header-display":"","ast-hfb-above-header-display":"","ast-hfb-below-header-display":"","ast-hfb-mobile-header-display":"","site-post-title":"disabled","ast-breadcrumbs-content":"","ast-featured-img":"","footer-sml-layout":"","ast-disable-related-posts":"","theme-transparent-header-meta":"default","adv-header-id-meta":"","stick-header-meta":"","header-above-stick-meta":"","header-main-stick-meta":"","header-below-stick-meta":"","astra-migrate-meta-layouts":"default","ast-page-background-enabled":"default","ast-page-background-meta":{"desktop":{"background-color":"var(--ast-global-color-4)","background-image":"","background-repeat":"repeat","background-position":"center center","background-size":"auto","background-attachment":"scroll","background-type":"","background-media":"","overlay-type":"","overlay-color":"","overlay-opacity":"","overlay-gradient":""},"tablet":{"background-color":"","background-image":"","background-repeat":"repeat","background-position":"center center","background-size":"auto","background-attachment":"scroll","background-type":"","background-media":"","overlay-type":"","overlay-color":"","overlay-opacity":"","overlay-gradient":""},"mobile":{"background-color":"","background-image":"","background-repeat":"repeat","background-position":"center center","background-size":"auto","background-attachment":"scroll","background-type":"","background-media":"","overlay-type":"","overlay-color":"","overlay-opacity":"","overlay-gradient":""}},"ast-content-background-meta":{"desktop":{"background-color":"var(--ast-global-color-5)","background-image":"","background-repeat":"repeat","background-position":"center center","background-size":"auto","background-attachment":"scroll","background-type":"","background-media":"","overlay-type":"","overlay-color":"","overlay-opacity":"","overlay-gradient":""},"tablet":{"background-color":"var(--ast-global-color-5)","background-image":"","background-repeat":"repeat","background-position":"center center","background-size":"auto","background-attachment":"scroll","background-type":"","background-media":"","overlay-type":"","overlay-color":"","overlay-opacity":"","overlay-gradient":""},"mobile":{"background-color":"var(--ast-global-color-5)","background-image":"","background-repeat":"repeat","background-position":"center center","background-size":"auto","background-attachment":"scroll","background-type":"","background-media":"","overlay-type":"","overlay-color":"","overlay-opacity":"","overlay-gradient":""}},"footnotes":""},"class_list":["post-82","page","type-page","status-publish","hentry"],"_links":{"self":[{"href":"https:\/\/clos-salibert.fr\/index.php\/wp-json\/wp\/v2\/pages\/82","targetHints":{"allow":["GET"]}}],"collection":[{"href":"https:\/\/clos-salibert.fr\/index.php\/wp-json\/wp\/v2\/pages"}],"about":[{"href":"https:\/\/clos-salibert.fr\/index.php\/wp-json\/wp\/v2\/types\/page"}],"author":[{"embeddable":true,"href":"https:\/\/clos-salibert.fr\/index.php\/wp-json\/wp\/v2\/users\/1"}],"replies":[{"embeddable":true,"href":"https:\/\/clos-salibert.fr\/index.php\/wp-json\/wp\/v2\/comments?post=82"}],"version-history":[{"count":6,"href":"https:\/\/clos-salibert.fr\/index.php\/wp-json\/wp\/v2\/pages\/82\/revisions"}],"predecessor-version":[{"id":1261,"href":"https:\/\/clos-salibert.fr\/index.php\/wp-json\/wp\/v2\/pages\/82\/revisions\/1261"}],"wp:attachment":[{"href":"https:\/\/clos-salibert.fr\/index.php\/wp-json\/wp\/v2\/media?parent=82"}],"curies":[{"name":"wp","href":"https:\/\/api.w.org\/{rel}","templated":true}]}}